alculate the remainder when 6601 is divided by 6587.
14
Calculate the remainder when 14586 is divided by 128.
122
Calculate the remainder when 27711 is divided by 283.
260
What is the remainder when 1896 is divided by 155?
36
What is the remainder when 151749 is divided by 607?
606
What is the remainder when 51368 is divided by 17110?
38
What is the remainder when 9537 is divided by 11?
0
Calculate the remainder when 43147 is divided by 107.
26
What is the remainder when 2878447 is divided by 1150?
1147
What is the remainder when 750 is divided by 42?
36
Calculate the remainder when 13005 is divided by 12883.
122
What is the remainder when 62169 is divided by 62165?
4
What is the remainder when 96155 is divided by 5654?
37
What is the remainder when 7632 is divided by 344?
64
What is the remainder when 1606 is divided by 314?
36
What is the remainder when 58124 is divided by 7?
3
What is the remainder when 5240 is divided by 866?
44
What is the remainder when 2125 is divided by 1990?
135
What is the remainder when 25370 is divided by 52?
46
Calculate the remainder when 1620147 is divided by 30.
27
Calculate the remainder when 138889 is divided by 201.
199
What is the remainder when 533 is divided by 354?
179
Calculate the remainder when 5869 is divided by 2619.
631
Calculate the remainder when 176554 is divided by 2323.
6
Calculate the remainder when 126793 is divided by 4372.
5
What is the remainder when 5070 is divided by 2103?
864
What is the remainder when 6810 is divided by 71?
65
What is the remainder when 9139 is divided by 9128?
11
Calculate the remainder when 2865 is divided by 716.
1
Calculate the remainder when 15883 is divided by 5227.
202
Calculate the remainder when 3801 is divided by 652.
541
Calculate the remainder when 49769 is divided by 42.
41
What is the remainder when 23973 is divided by 421?
397
What is the remainder when 1770622 is divided by 116?
114
What is the remainder when 88379 is divided by 20?
19
What is the remainder when 181 is divided by 91?
90
Calculate the remainder when 143481 is divided by 1708.
9
Calculate the remainder when 153655 is divided by 51217.
4
Calculate the remainder when 30481 is divided by 21.
10
What is the remainder when 804757 is divided by 88?
85
What is the remainder when 11328 is divided by 5648?
32
What is the remainder when 29790 is divided by 5?
0
Calculate the remainder when 320595 is divided by 16.
3
What is the remainder when 30924 is divided by 30918?
6
Calculate the remainder when 21627 is divided by 7009.
600
What is the remainder when 12258 is divided by 68?
18
What is the remainder when 15263 is divided by 425?
388
Calculate the remainder when 39676 is divided by 5663.
35
Calculate the remainder when 4680 is divided by 91.
39
What is the remainder when 69180 is divided by 23056?
12
What is the remainder when 8089 is divided by 192?
25
Calculate the remainder when 51863 is divided by 113.
109
Calculate the remainder when 50828 is divided by 23.
21
What is the remainder when 10432 is divided by 21?
16
Calculate the remainder when 180497 is divided by 12.
5
Calculate the remainder when 414 is divided by 81.
9
Calculate the remainder when 1827 is divided by 31.
29
Calculate the remainder when 38664 is divided by 12856.
96
Calculate the remainder when 1015964 is divided by 51.
44
Calculate the remainder when 3634 is divided by 114.
100
What is the remainder when 14946 is divided by 19?
12
What is the remainder when 14295696 is divided by 1773?
1770
Calculate the remainder when 621 is divided by 16.
13
Calculate the remainder when 777 is divided by 207.
156
What is the remainder when 285894 is divided by 13?
11
What is the remainder when 1773 is divided by 1643?
130
Calculate the remainder when 19843 is divided by 77.
54
What is the remainder when 1361 is divided by 300?
161
Calculate the remainder when 3471 is divided by 465.
216
What is the remainder when 2593 is divided by 840?
73
What is the remainder when 21581 is divided by 14?
7
What is the remainder when 35998 is divided by 8984?
62
Calculate the remainder when 9 is divided by 2.
1
What is the remainder when 437365 is divided by 177?
175
What is the remainder when 22940 is divided by 25?
15
What is the remainder when 1073 is divided by 305?
158
Calculate the remainder when 3152 is divided by 75.
2
What is the remainder when 1517 is divided by 464?
125
Calculate the remainder when 3729 is divided by 178.
169
What is the remainder when 1384 is divided by 171?
16
Calculate the remainder when 6173203 is divided by 1327.
1326
What is the remainder when 448508 is divided by 32?
28
What is the remainder when 27045 is divided by 6?
3
What is the remainder when 3211 is divided by 1550?
111
What is the remainder when 402235 is divided by 134076?
7
Calculate the remainder when 56106 is divided by 18699.
9
Calculate the remainder when 7966 is divided by 31.
30
Calculate the remainder when 69547 is divided by 25.
22
What is the remainder when 1358 is divided by 52?
6
What is the remainder when 266536 is divided by 144?
136
Calculate the remainder when 26190 is divided by 3.
0
Calculate the remainder when 138382 is divided by 1870.
2
What is the remainder when 233325 is divided by 233315?
10
Calculate the remainder when 27952 is divided by 2171.
1900
Calculate the remainder when 12534 is divided by 17.
5
What is the remainder when 4813 is divided by 463?
183
Calculate the remainder when 832248 is divided by 11.
10
Calculate the remainder when 406 is divided by 119.
49
What is the remainder when 972 is divided by 202?
164
What is the remainder when 86203 is divided by 15?
13
What is the remainder when 18880 is divided by 227?
39
What is the remainder when 161801 is divided by 179?
164
Calculate the remainder when 15148 is divided by 345.
313
Calculate the remainder when 9244099 is divided by 97.
96
Calculate the remainder when 130659 is divided by 4083.
3
What is the remainder when 606293 is divided by 127?
122
What is the remainder when 28749 is divided by 181?
151
What is the remainder when 84094 is divided by 12?
10
Calculate the remainder when 574084 is divided by 2392.
4
Calculate the remainder when 21066 is divided by 135.
6
What is the remainder when 41643 is divided by 10404?
27
What is the remainder when 31038 is divided by 1038?
936
Calculate the remainder when 2928 is divided by 3.
0
Calculate the remainder when 16547 is divided by 8266.
15
What is the remainder when 219792 is divided by 1235?
1197
What is the remainder when 10250838 is divided by 1004?
1002
Calculate the remainder when 74469 is divided by 24.
21
Calculate the remainder when 15527 is divided by 219.
197
Calculate the remainder when 63577 is divided by 220.
217
Calculate the remainder when 430771 is divided by 86153.
6
What is the remainder when 86118 is divided by 8611?
8
What is the remainder when 23458 is divided by 34?
32
Calculate the remainder when 640758 is divided by 213582.
12
Calculate the remainder when 10222 is divided by 1703.
4
Calculate the remainder when 28489 is divided by 5086.
3059
What is the remainder when 7493 is divided by 221?
200
What is the remainder when 104964 is divided by 17491?
18
What is the remainder when 770997 is divided by 1049?
1031
Calculate the remainder when 319516 is divided by 3.
1
What is the remainder when 2354630 is divided by 43?
36
What is the remainder when 40981 is divided by 575?
156
Calculate the remainder when 35725 is divided by 1373.
27
What is the remainder when 7517 is divided by 7197?
320
What is the remainder when 17415 is divided by 365?
260
Calculate the remainder when 773357 is divided by 3.
2
What is the remainder when 8637 is divided by 2879?
0
What is the remainder when 49283 is divided by 77?
3
Calculate the remainder when 4042 is divided by 1336.
34
Calculate the remainder when 1756 is divided by 489.
289
What is the remainder when 560606 is divided by 124?
2
Calculate the remainder when 21367 is divided by 57.
49
What is the remainder when 597009 is divided by 257?
255
Calculate the remainder when 13163 is divided by 244.
231
Calculate the remainder when 6829696 is divided by 82.
80
What is the remainder when 1408065 is divided by 11?
10
Calculate the remainder when 2250 is divided by 931.
3